{"id":205,"date":"2026-02-16T14:33:14","date_gmt":"2026-02-16T14:33:14","guid":{"rendered":"https:\/\/www.souscrire-energie.fr\/?page_id=205"},"modified":"2026-02-16T14:33:15","modified_gmt":"2026-02-16T14:33:15","slug":"ouverture-de-vos-compteurs-electricite-et-gaz-en-quelques-minutes-8","status":"publish","type":"page","link":"https:\/\/www.souscrire-energie.fr\/?page_id=205","title":{"rendered":"Ouverture de vos compteurs \u00e9lectricit\u00e9 et gaz en quelques minutes."},"content":{"rendered":"\n<div class=\"wp-block-buttons is-content-justification-center is-layout-flex wp-container-core-buttons-is-layout-a89b3969 wp-block-buttons-is-layout-flex\">\n<div class=\"wp-block-button\"><a class=\"wp-block-button__link has-white-color has-text-color has-link-color has-text-align-center wp-element-button\" href=\"tel:0973445410\"><strong>09 73 44 54 10<\/strong><\/a><\/div>\n<\/div>\n\n\n\n<p class=\"has-text-align-center\"><strong>du lundi au vendredi de 9h \u00e0 19h<\/strong><br><strong>(appel non surtax\u00e9).<\/strong><\/p>\n\n\n\n<figure class=\"wp-block-image aligncenter size-full\"><img decoding=\"async\" width=\"400\" height=\"88\" src=\"https:\/\/www.souscrire-energie.fr\/wp-content\/uploads\/2025\/09\/logo-3-souscrire-energie-1.jpg\" alt=\"\" class=\"wp-image-111\" srcset=\"https:\/\/www.souscrire-energie.fr\/wp-content\/uploads\/2025\/09\/logo-3-souscrire-energie-1.jpg 400w, https:\/\/www.souscrire-energie.fr\/wp-content\/uploads\/2025\/09\/logo-3-souscrire-energie-1-300x66.jpg 300w\" sizes=\"(max-width: 400px) 100vw, 400px\" \/><\/figure>\n\n\n\n<p class=\"has-text-align-center\">Si vous emm\u00e9nagez prochainement ou si vous \u00eates \u00e0 la recherche d\u2019un fournisseur d&rsquo;\u00e9nergie <strong>plus avantageux<\/strong>, nous vous accompagnons pas \u00e0 pas et <strong>activons votre compteur de gaz ou d&rsquo;\u00e9lectricit\u00e9 par t\u00e9l\u00e9phone<\/strong>.<\/p>\n\n\n\n<p class=\"has-text-align-center\">Souscrire un contrat d\u2019\u00e9lectricit\u00e9 n\u2019a jamais \u00e9t\u00e9 aussi <strong>simple<\/strong>.<br>En <strong>quelques minutes<\/strong> seulement, vous comparez les offres et trouvez celle qui correspond \u00e0 vos besoins avec un conseiller <strong>expert au t\u00e9l\u00e9phone..<\/strong><br>Notre objectif : vous faire gagner du temps et r\u00e9duire vos factures.<\/p>\n\n\n\n<div class=\"wp-block-buttons is-content-justification-center is-layout-flex wp-container-core-buttons-is-layout-a89b3969 wp-block-buttons-is-layout-flex\">\n<div class=\"wp-block-button\"><a class=\"wp-block-button__link has-white-color has-text-color has-link-color has-text-align-center wp-element-button\" href=\"tel:0973445410\"><strong>09 73 44 54 10<\/strong><\/a><\/div>\n<\/div>\n\n\n\n<p class=\"has-text-align-center\"><strong>du lundi au vendredi de 9h \u00e0 19h<\/strong><br><strong>(appel non surtax\u00e9).<\/strong><\/p>\n\n\n\n<figure class=\"wp-block-image aligncenter size-full is-resized\"><img fetchpriority=\"high\" decoding=\"async\" width=\"500\" height=\"184\" src=\"https:\/\/www.souscrire-energie.fr\/wp-content\/uploads\/2025\/09\/services-energie.jpg\" alt=\"\" class=\"wp-image-117\" style=\"width:328px;height:auto\" srcset=\"https:\/\/www.souscrire-energie.fr\/wp-content\/uploads\/2025\/09\/services-energie.jpg 500w, https:\/\/www.souscrire-energie.fr\/wp-content\/uploads\/2025\/09\/services-energie-300x110.jpg 300w\" sizes=\"(max-width: 500px) 100vw, 500px\" \/><\/figure>\n\n\n\n<p class=\"has-text-align-center\"><\/p>\n\n\n\n<p><\/p>\n\n\n\n<figure class=\"wp-block-image aligncenter is-resized\"><img decoding=\"async\" src=\"https:\/\/www.souscrire-energie.fr\/wp-content\/uploads\/2025\/09\/teleconseillere-souscrire-energie.jpg\" alt=\"\" style=\"width:223px;height:auto\"\/><\/figure>\n\n\n\n<p class=\"has-text-align-center has-text-color has-link-color has-medium-font-size wp-elements-84a28a37bbd0ceac0afc16742110414d\" style=\"color:#298336\"><strong>Activer ou changer de contrat d\u2019\u00e9lectricit\u00e9 par t\u00e9l\u00e9phone :<\/strong><\/p>\n\n\n\n<p class=\"has-text-align-center\">Vous venez d\u2019emm\u00e9nager dans un nouveau logement ou vous souhaitez simplement changer de fournisseur d\u2019\u00e9lectricit\u00e9 ? Vous \u00eates au bon endroit. Activer un contrat d\u2019\u00e9nergie ou comparer les offres disponibles peut para\u00eetre compliqu\u00e9, mais en r\u00e9alit\u00e9, les d\u00e9marches sont <strong>simples<\/strong>, <strong>rapides <\/strong>et <strong>sans frais<\/strong> lorsqu\u2019elles sont r\u00e9alis\u00e9es par t\u00e9l\u00e9phone.<\/p>\n\n\n\n<p class=\"has-text-align-center has-text-color has-link-color has-medium-font-size wp-elements-cceedd819b2341463e109a49b6a5db6e\" style=\"color:#298336\"><strong>Pourquoi faut-il activer un contrat d\u2019\u00e9lectricit\u00e9 lors d\u2019un d\u00e9m\u00e9nagement ?<\/strong><\/p>\n\n\n\n<p class=\"has-text-align-center has-medium-font-size\"><em><strong>L\u2019\u00e9lectricit\u00e9 n\u2019est jamais automatiquement activ\u00e9e lorsque vous emm\u00e9nagez.<\/strong><\/em><\/p>\n\n\n\n<p>Lorsque vous emm\u00e9nagez dans un nouveau logement, le compteur \u00e9lectrique doit \u00eatre associ\u00e9 \u00e0 un contrat \u00e0 votre nom. Si le pr\u00e9c\u00e9dent occupant a r\u00e9sili\u00e9 son contrat (ce qui est souvent le cas), l\u2019\u00e9lectricit\u00e9 peut \u00eatre coup\u00e9e. Et m\u00eame si le courant est encore actif, il est obligatoire de souscrire un contrat afin de r\u00e9gulariser la situation et \u00e9viter une coupure future.<\/p>\n\n\n\n<h3 class=\"wp-block-heading has-text-align-center has-medium-font-size\"><strong><em>Une \u00e9tape incontournable et sans frais<\/em><\/strong><\/h3>\n\n\n\n<p class=\"has-text-align-center\">La mise en place d\u2019un contrat d\u2019\u00e9lectricit\u00e9 est une d\u00e9marche gratuite aupr\u00e8s d\u2019un fournisseur. Ce sont ensuite les gestionnaires de r\u00e9seau (comme Enedis pour l\u2019\u00e9lectricit\u00e9) qui assurent la mise en service du compteur si n\u00e9cessaire.<\/p>\n\n\n\n<h3 class=\"wp-block-heading has-text-align-center has-medium-font-size\"><strong><em>Gagner du temps avec la souscription par t\u00e9l\u00e9phone<\/em><\/strong><\/h3>\n\n\n\n<p class=\"has-text-align-center\">Souscrire par t\u00e9l\u00e9phone permet de <strong>gagner en rapidit\u00e9 et en simplicit\u00e9<\/strong> : vous \u00eates accompagn\u00e9 par un conseiller qui s\u2019occupe de tout, sans formulaire compliqu\u00e9 \u00e0 remplir. Le conseiller s&rsquo;occupe presque de tout pour vous.<\/p>\n\n\n\n<p class=\"has-text-align-center\"><\/p>\n\n\n\n<div class=\"wp-block-buttons is-content-justification-center is-layout-flex wp-container-core-buttons-is-layout-a89b3969 wp-block-buttons-is-layout-flex\">\n<div class=\"wp-block-button\"><a class=\"wp-block-button__link has-white-color has-text-color has-link-color has-text-align-center wp-element-button\" href=\"tel:0973445410\"><strong>09 73 44 54 10<\/strong><\/a><\/div>\n<\/div>\n\n\n\n<p class=\"has-text-align-center\"><strong>du lundi au vendredi de 9h \u00e0 19h<\/strong><br><strong>(appel non surtax\u00e9).<\/strong><\/p>\n\n\n\n<p class=\"has-text-align-center has-text-color has-link-color has-medium-font-size wp-elements-9487f39a7ac98e388bf43914589c7c73\" style=\"color:#298336\"><strong>Changer de contrat d\u2019\u00e9lectricit\u00e9 : pourquoi et quand le faire ?<\/strong><\/p>\n\n\n\n<p class=\"has-text-align-center has-medium-font-size\"><em><strong>Profiter d\u2019un meilleur tarif<\/strong><\/em><\/p>\n\n\n\n<p class=\"has-text-align-center\">Les offres d\u2019\u00e9lectricit\u00e9 \u00e9voluent r\u00e9guli\u00e8rement. Changer de contrat vous permet de profiter d\u2019un prix plus attractif, d\u2019un abonnement adapt\u00e9 \u00e0 votre consommation, ou encore de b\u00e9n\u00e9ficier d\u2019une \u00e9lectricit\u00e9 verte.<\/p>\n\n\n\n<h3 class=\"wp-block-heading has-text-align-center has-medium-font-size\"><em><strong>Pas d\u2019engagement, pas de frais de r\u00e9siliation<\/strong><\/em><\/h3>\n\n\n\n<p class=\"has-text-align-center\">Depuis l\u2019ouverture du march\u00e9 de l\u2019\u00e9nergie, tous les contrats d\u2019\u00e9lectricit\u00e9 sont <strong>sans engagement<\/strong>. Vous pouvez donc r\u00e9silier \u00e0 tout moment pour souscrire une nouvelle offre plus avantageuse, sans frais de p\u00e9nalit\u00e9.<\/p>\n\n\n\n<p class=\"has-text-align-center has-text-color has-link-color has-medium-font-size wp-elements-09db570f03a731de33c8e77852b72166\" style=\"color:#298336\"><strong>Les avantages de la souscription par t\u00e9l\u00e9phone<\/strong><\/p>\n\n\n\n<p class=\"has-text-align-center has-medium-font-size\"><strong><em>Avantage 1 : Rapidit\u00e9<\/em><\/strong><\/p>\n\n\n\n<p class=\"has-text-align-center\">En quelques minutes seulement, votre contrat est activ\u00e9.<\/p>\n\n\n\n<h3 class=\"wp-block-heading has-text-align-center has-medium-font-size\"><em>Avantage 2 : Accompagnement personnalis\u00e9<\/em><\/h3>\n\n\n\n<p class=\"has-text-align-center\">Un conseiller vous guide pas \u00e0 pas, r\u00e9pond \u00e0 vos questions et v\u00e9rifie que l\u2019offre choisie correspond bien \u00e0 vos besoins.<\/p>\n\n\n\n<h3 class=\"wp-block-heading has-text-align-center has-medium-font-size\"><strong><em>Avantage 3 : Pas de frais<\/em><\/strong><\/h3>\n\n\n\n<p class=\"has-text-align-center\">La souscription par t\u00e9l\u00e9phone est gratuite. Le prix de votre contrat sera identique \u00e0 celui publi\u00e9 par le fournisseur.<\/p>\n\n\n\n<h3 class=\"wp-block-heading has-text-align-center\"><em><strong>Avantage 4 : Imm\u00e9diatet\u00e9<\/strong><\/em><\/h3>\n\n\n\n<p class=\"has-text-align-center\">La d\u00e9marche est instantan\u00e9e : une fois votre appel termin\u00e9, votre contrat est valid\u00e9 et votre logement aura l&rsquo;\u00e9lectricit\u00e9 tr\u00e8s rapidement.<\/p>\n\n\n\n<p class=\"has-text-align-center has-text-color has-link-color has-medium-font-size wp-elements-5c2da3be09410f138e772b46501e1c2b\" style=\"color:#298336\"><strong>Quelles informations pr\u00e9parer avant d\u2019appeler ?<\/strong><\/p>\n\n\n\n<p class=\"has-text-align-center\">Pour faciliter la souscription par t\u00e9l\u00e9phone, nous vous recommandons de pr\u00e9parer les \u00e9l\u00e9ments suivants : l\u2019<strong>adresse compl\u00e8te du logement (et \u00e9tage si n\u00e9cessaire)<\/strong>, le <strong>num\u00e9ro de PDL<\/strong> (Point de Livraison) pour l\u2019\u00e9lectricit\u00e9 (visible sur une ancienne facture ou communiqu\u00e9 par le propri\u00e9taire),votre <strong>relev\u00e9 de compteur<\/strong> si l\u2019\u00e9lectricit\u00e9 est d\u00e9j\u00e0 coup\u00e9e ou en cours d\u2019activation, un <strong>RIB <\/strong>si vous souhaitez opter pour le pr\u00e9l\u00e8vement automatique,.<\/p>\n\n\n\n<p class=\"has-text-align-center has-text-color has-link-color has-medium-font-size wp-elements-5cc87ff089e388896f2275c9213dc588\" style=\"color:#298336\"><strong>Comment se d\u00e9roule l\u2019activation du contrat ?<\/strong><\/p>\n\n\n\n<p class=\"has-text-align-center\">Vous appelez notre conseiller d\u00e9di\u00e9 \u00e0 la souscription.<br>Vous comparez rapidement les offres disponibles en fonction de votre consommation.<br>Vous choisissez le contrat le plus adapt\u00e9.<br>Votre souscription est valid\u00e9e imm\u00e9diatement.<br>Si l\u2019\u00e9lectricit\u00e9 est coup\u00e9e, un technicien Enedis peut intervenir pour mettre en service le compteur (d\u00e9lais de 24 h \u00e0 5 jours selon l\u2019urgence).<\/p>\n\n\n\n<div class=\"wp-block-buttons is-content-justification-center is-layout-flex wp-container-core-buttons-is-layout-a89b3969 wp-block-buttons-is-layout-flex\">\n<div class=\"wp-block-button\"><a class=\"wp-block-button__link has-white-color has-text-color has-link-color has-text-align-center wp-element-button\" href=\"tel:0973445410\"><strong>09 73 44 54 10<\/strong><\/a><\/div>\n<\/div>\n\n\n\n<p class=\"has-text-align-center\"><strong>du lundi au vendredi de 9h \u00e0 19h<\/strong><br><strong>(appel non surtax\u00e9).<\/strong><\/p>\n\n\n\n<p class=\"has-text-align-center has-text-color has-link-color has-medium-font-size wp-elements-d0dc8d51024b88816eb5bf16b54d98d1\" style=\"color:#298336\"><strong>Quels sont les d\u00e9lais de mise en service de l\u2019\u00e9lectricit\u00e9 ?<\/strong><\/p>\n\n\n\n<p class=\"has-text-align-center\">Mise en service standard :<strong> sous 5 jours ouvr\u00e9s<\/strong><br>Mise en service express : sous<strong> 24 \u00e0 48 h<\/strong><br>Mise en service d\u2019urgence : <strong>le jour m\u00eame<\/strong> (si demand\u00e9 avant 15h).<br><br>Ces d\u00e9lais d\u00e9pendent de la disponibilit\u00e9 des techniciens Enedis. <strong>Plus vous appelez t\u00f4t, plus vite vous aurez l\u2019\u00e9lectricit\u00e9<\/strong>.<\/p>\n\n\n\n<p class=\"has-text-align-center has-text-color has-link-color has-medium-font-size wp-elements-d587c75ff4e69bf6e23d833269352020\" style=\"color:#298336\"><strong>Quel fournisseur choisir ?<\/strong><\/p>\n\n\n\n<p class=\"has-text-align-center\"><strong>Vous devez \u00eatre attentif aux points suivants : <\/strong><br>Le prix du kWh (fixe ou index\u00e9)<br>Le prix de l\u2019abonnement<br>Le type d\u2019\u00e9lectricit\u00e9 (classique ou verte)<br>La qualit\u00e9 du service client (t\u00e9l\u00e9phone, en ligne, disponibilit\u00e9). <br><br><strong>Exemple d\u2019offres possibles :<\/strong><br>Un tarif fixe pendant 1 ou 2 ans pour se prot\u00e9ger contre les hausses<br>Un prix index\u00e9 sur le tarif r\u00e9glement\u00e9, mais souvent plus avantageux<br>Une offre verte avec \u00e9lectricit\u00e9 issue de sources renouvelables.<\/p>\n\n\n\n<p class=\"has-text-align-center has-text-color has-link-color has-medium-font-size wp-elements-34b1a2c62398bcb0b87bfc1978ae232f\" style=\"color:#298336\"><strong>Questions (et r\u00e9ponses) fr\u00e9quentes<\/strong><\/p>\n\n\n\n<p class=\"has-text-align-center\"><strong>Est-ce que c\u2019est payant de souscrire un contrat d\u2019\u00e9lectricit\u00e9 ?<\/strong><br>Non, la souscription est gratuite. Vous ne payez que votre consommation et l\u2019abonnement choisi.<br><br><strong>Est-ce que je peux garder le m\u00eame fournisseur en changeant de logement ?<\/strong><br>Oui, mais vous devez tout de m\u00eame souscrire un nouveau contrat \u00e0 votre nouvelle adresse.<br><br><strong>Est-ce que je peux changer de fournisseur \u00e0 tout moment ?<\/strong><br>Oui. Tous les contrats d\u2019\u00e9lectricit\u00e9 sont sans engagement et r\u00e9siliables \u00e0 tout moment, sans frais.<br><br><strong>Quels sont les d\u00e9lais pour avoir l\u2019\u00e9lectricit\u00e9 si elle est coup\u00e9e ?<\/strong><br>Selon le type de mise en service demand\u00e9 (standard, express ou urgence), le d\u00e9lai varie entre quelques heures et 5 jours.<br><br><strong>Dois-je r\u00e9silier mon ancien contrat ?<\/strong><br>Oui. Lors d\u2019un d\u00e9m\u00e9nagement, il faut r\u00e9silier le contrat de votre ancien logement pour \u00e9viter de continuer \u00e0 payer les consommations du prochain occupant.<\/p>\n\n\n\n<div class=\"wp-block-buttons is-content-justification-center is-layout-flex wp-container-core-buttons-is-layout-a89b3969 wp-block-buttons-is-layout-flex\">\n<div class=\"wp-block-button\"><a class=\"wp-block-button__link has-white-color has-text-color has-link-color has-text-align-center wp-element-button\" href=\"tel:0973445410\"><strong>09 73 44 54 10<\/strong><\/a><\/div>\n<\/div>\n\n\n\n<p class=\"has-text-align-center\"><strong>du lundi au vendredi de 9h \u00e0 19h<\/strong><br><strong>(appel non surtax\u00e9).<\/strong><\/p>\n\n\n\n<p><\/p>\n","protected":false},"excerpt":{"rendered":"<p>du lundi au vendredi de 9h \u00e0 19h(appel non surtax\u00e9). Si vous emm\u00e9nagez prochainement ou si vous \u00eates \u00e0 la recherche d\u2019un fournisseur d&rsquo;\u00e9nergie plus avantageux, nous vous accompagnons pas \u00e0 pas et activons votre compteur de gaz ou d&rsquo;\u00e9lectricit\u00e9 par t\u00e9l\u00e9phone. Souscrire un contrat d\u2019\u00e9lectricit\u00e9 n\u2019a jamais \u00e9t\u00e9 aussi simple.En quelques minutes seulement, vous [&hellip;]<\/p>\n","protected":false},"author":1,"featured_media":0,"parent":0,"menu_order":0,"comment_status":"closed","ping_status":"closed","template":"","meta":{"footnotes":""},"class_list":["post-205","page","type-page","status-publish","hentry"],"_links":{"self":[{"href":"https:\/\/www.souscrire-energie.fr\/index.php?rest_route=\/wp\/v2\/pages\/205","targetHints":{"allow":["GET"]}}],"collection":[{"href":"https:\/\/www.souscrire-energie.fr\/index.php?rest_route=\/wp\/v2\/pages"}],"about":[{"href":"https:\/\/www.souscrire-energie.fr\/index.php?rest_route=\/wp\/v2\/types\/page"}],"author":[{"embeddable":true,"href":"https:\/\/www.souscrire-energie.fr\/index.php?rest_route=\/wp\/v2\/users\/1"}],"replies":[{"embeddable":true,"href":"https:\/\/www.souscrire-energie.fr\/index.php?rest_route=%2Fwp%2Fv2%2Fcomments&post=205"}],"version-history":[{"count":1,"href":"https:\/\/www.souscrire-energie.fr\/index.php?rest_route=\/wp\/v2\/pages\/205\/revisions"}],"predecessor-version":[{"id":206,"href":"https:\/\/www.souscrire-energie.fr\/index.php?rest_route=\/wp\/v2\/pages\/205\/revisions\/206"}],"wp:attachment":[{"href":"https:\/\/www.souscrire-energie.fr\/index.php?rest_route=%2Fwp%2Fv2%2Fmedia&parent=205"}],"curies":[{"name":"wp","href":"https:\/\/api.w.org\/{rel}","templated":true}]}}